{"id":3,"date":"2024-03-06T10:23:54","date_gmt":"2024-03-06T15:23:54","guid":{"rendered":"https:\/\/incentivosverdes.com\/?page_id=3"},"modified":"2024-09-27T11:55:17","modified_gmt":"2024-09-27T16:55:17","slug":"politica-privacidad","status":"publish","type":"page","link":"https:\/\/incentivosverdes.com\/index.php\/politica-privacidad\/","title":{"rendered":"POL\u00cdTICA PARA EL TRATAMIENTO DE LOS DATOS PERSONALES"},"content":{"rendered":"\n<h2 class=\"wp-block-heading has-text-align-left\"><strong>GREEN CONSULTING S.A.S. NIT 901.810.689-8<\/strong><\/h2>\n\n\n\n<p>Este documento tiene como objeto informar a Las personas jur\u00eddicas y\/o naturales que hayan facilitado o que en el futuro faciliten sus datos a GREEN CONSULTING S.A.S. sobre la pol\u00edtica de tratamiento de la informaci\u00f3n suministrada y permitir a los titulares su derecho al habeas data, estableciendo el procedimiento necesario para conocer, actualizar, rectificar y oponerse a los datos que se encuentren en nuestras bases de datos y\/o archivos.<\/p>\n\n\n\n<p>Nuestra pol\u00edtica de tratamiento de datos personales regida por el decreto 1377 de 2013, reglamentario de la Ley 1581 de 2012 y dem\u00e1s normas concordantes que regulan el derecho constitucional de los ciudadanos a autorizar el tratamiento de sus datos personales por parte de terceros.<\/p>\n\n\n\n<p>Nuestra pol\u00edtica de tratamiento de datos personales busca los siguientes Objetivos:<\/p>\n\n\n\n<p>&#8211; Informar sobre el tratamiento, las finalidades y los procedimientos que GREEN CONSULTING S.A.S. aplicar\u00e1 sobre los datos personales almacenados en sus bases de datos.<\/p>\n\n\n\n<p>&#8211; Informar a los titulares de los datos personales los datos de contacto y el procedimiento para conocer, actualizar y rectificar la informaci\u00f3n que se haya recogido sobre ellos en las bases de datos o en archivos de entidades p\u00fablicas y privadas.<\/p>\n\n\n\n<p>&#8211; GREEN CONSULTING S.A.S. actuar\u00e1 como responsable del Tratamiento de los datos personales de sus trabajadores, clientes, asociados, beneficiarios, voluntarios, representantes legales de los clientes y aliados y todas aquellas personas que mantengan un v\u00ednculo jur\u00eddico con sociedad.<\/p>\n\n\n\n<h2 class=\"wp-block-heading\">1. AUTORIZACI\u00d3N DEL TITULAR DE LOS DATOS PERSONALES<\/h2>\n\n\n\n<p>GREEN CONSULTING S.A.S. realizar\u00e1 la solicitud, recolecci\u00f3n, almacenamiento, an\u00e1lisis, uso, transmisi\u00f3n y\/o transferencia de los datos personales de aquellos titulares que otorgaron su consentimiento.<\/p>\n\n\n\n<p>La autorizaci\u00f3n se otorgar\u00e1 a trav\u00e9s de mecanismos electr\u00f3nicos.<\/p>\n\n\n\n<p>El titular de la informaci\u00f3n al indicar que autoriza el tratamiento de sus datos personales acepta la presente Pol\u00edtica.<\/p>\n\n\n\n<p>GREEN CONSULTING S.A.S. utilizara la informaci\u00f3n entregada exclusivamente para el objeto para el cual ha sido contratada, no podr\u00e1 compartirla con terceros distintos a los involucrados en el proceso administrativo y tomara las medidas necesarias para su protecci\u00f3n.<\/p>\n\n\n\n<h2 class=\"wp-block-heading\">2. TRATAMIENTO Y FINALIDADES<\/h2>\n\n\n\n<p>2.1. Para el cumplimiento de la obligaci\u00f3n contractual establecida entre GREEN CONSULTING S.A.S. y el contratante.<\/p>\n\n\n\n<p>2.2. Diligenciar los formatos requeridos por las autoridades, responder solicitudes, expedir constancias sobre hechos relacionados con el contrato firmado.<\/p>\n\n\n\n<p>2.3. Atender requerimientos de entidades gubernamentales y judiciales;<\/p>\n\n\n\n<p>2.4. El env\u00edo de comunicaciones relacionadas con las obligaciones contractuales, noticias e informaci\u00f3n \u00fatil, productos, ofertas, novedades, invitaciones a eventos, propaganda, y publicidad.<\/p>\n\n\n\n<p>2.5. Exportar esta informaci\u00f3n al exterior, en caso de que el hosting utilizado no est\u00e9 localizado en Colombia, dentro de los lineamientos legales y aquellos determinados por la entidad de control.<\/p>\n\n\n\n<p>2.6. El tratamiento de los datos personales lo podr\u00e1 realizar a trav\u00e9s de medios f\u00edsicos, electr\u00f3nicos o a trav\u00e9s de cualquier medio an\u00e1logo y\/o digital de comunicaci\u00f3n, conocido o por conocer.<\/p>\n\n\n\n<h2 class=\"wp-block-heading\">3. DATOS SENSIBLES<\/h2>\n\n\n\n<p>3.1. GREEN CONSULTING S.A.S. no har\u00e1 tratamiento de datos sensibles, excepto cuando el titular haya dado su autorizaci\u00f3n expl\u00edcita a dicho tratamiento, salvo en los casos que por ley no sea requerido el otorgamiento de dicha autorizaci\u00f3n.<\/p>\n\n\n\n<p>3.2. Cuando GREEN CONSULTING S.A.S. recolecte datos de car\u00e1cter sensible, el titular tendr\u00e1 siempre la facultad de otorgar o no autorizaci\u00f3n sobre los mismos.<\/p>\n\n\n\n<p>3.3. Una vez cese la necesidad de tratamiento de sus datos, los mismos ser\u00e1n eliminados de las bases de datos.<\/p>\n\n\n\n<h2 class=\"wp-block-heading\">4. DERECHOS DE LOS T\u00cdTULARES DE LOS DATOS PERSONALES<\/h2>\n\n\n\n<p>4.1. Los titulares de datos personales podr\u00e1n ejercer en cualquier momento sus derechos de acceso, actualizaci\u00f3n, rectificaci\u00f3n y supresi\u00f3n sobre sus datos.<\/p>\n\n\n\n<p>4.2. Conocer, actualizar y rectificar sus datos personales.<\/p>\n\n\n\n<p>4.3. Solicitar prueba de la autorizaci\u00f3n otorgada a GREEN CONSULTING S.A.S.<\/p>\n\n\n\n<p>4.4. Ser informado por GREEN CONSULTING S.A.S., previa solicitud, respecto del uso que les ha dado a sus datos personales;<\/p>\n\n\n\n<p>4.5. Presentar ante la Superintendencia de Industria y Comercio quejas por infracciones en materia de datos personales.<\/p>\n\n\n\n<p>4.6. Revocar la autorizaci\u00f3n y\/o solicitar la supresi\u00f3n del dato cuando en el Tratamiento no se respeten los principios, derechos y garant\u00edas constitucionales y legales. Se puede revocar la autorizaci\u00f3n de manera parcial o total.<\/p>\n\n\n\n<p>4.7. Acceder en forma gratuita a sus datos personales que hayan sido objeto de Tratamiento.<\/p>\n\n\n\n<p>4.8. El derecho de supresi\u00f3n no es un derecho absoluto. GREEN CONSULTING S.A.S. puede negar o limitar el ejercicio de este cuando:<\/p>\n\n\n\n<p>a. La Fundaci\u00f3n tenga el deber legal o contractual de mantener los datos personales en la base de datos.<\/p>\n\n\n\n<p>b. La eliminaci\u00f3n de datos obstaculice actuaciones judiciales o administrativas vinculadas a obligaciones fiscales, la investigaci\u00f3n y persecuci\u00f3n de delitos o la actualizaci\u00f3n de sanciones administrativas.<\/p>\n\n\n\n<p>c. Los datos sean necesarios para proteger los intereses jur\u00eddicamente tutelados del titular; para realizar una acci\u00f3n en funci\u00f3n del inter\u00e9s p\u00fablico, o para cumplir con una obligaci\u00f3n legalmente adquirida por el titular.<\/p>\n\n\n\n<p>d. Los datos sean datos de naturaleza p\u00fablica y correspondan a los registros p\u00fablicos, los cuales tienen como finalidad su publicidad.<\/p>\n\n\n\n<p>e. Los datos constituyan un soporte para la operaci\u00f3n normal de GREEN CONSULTING S.A.S. y que deba ser conservada por esta en virtud de la Ley o sus procesos internos.<\/p>\n\n\n\n<h2 class=\"wp-block-heading\">5. PROCEDIMIENTO PARA LA ATENCI\u00d3N DE LOS TITULARES DE LA INFORMACI\u00d3N<\/h2>\n\n\n\n<p>Todas las peticiones, consultas y reclamos que se generen con ocasi\u00f3n del tratamiento de datos personales deber\u00e1n ser dirigidas a: info@incentivosverdes.com<\/p>\n\n\n\n<p>GREEN CONSULTING S.A.S. atender\u00e1 las peticiones, consultas y reclamos en un t\u00e9rmino m\u00e1ximo de diez (10) d\u00edas h\u00e1biles contados a partir de la fecha de recibo de esta.<\/p>\n\n\n\n<h2 class=\"wp-block-heading\">6. PERIODO DE VIGENCIA DE LA BASE DE DATOS<\/h2>\n\n\n\n<p>Las bases de datos en las que se registrar\u00e1n los datos personales tendr\u00e1n vigencia mientras no se solicite su supresi\u00f3n por el interesado y siempre que no exista un deber legal de conservarlos.<\/p>\n\n\n\n<h2 class=\"wp-block-heading\">7. DEBERES DE LOS ENCARGADOS DEL TRATAMIENTO<\/h2>\n\n\n\n<p>Los Encargados del Tratamiento deber\u00e1n cumplir los siguientes deberes, sin perjuicio de las dem\u00e1s disposiciones previstas en la presente ley y en otras que rijan su actividad.<\/p>\n\n\n\n<p>7.1. Garantizar al Titular, en todo tiempo, el pleno y efectivo ejercicio del derecho de h\u00e1beas data<\/p>\n\n\n\n<p>7.2. Conservar la informaci\u00f3n bajo las condiciones de seguridad necesarias para impedir su adulteraci\u00f3n, p\u00e9rdida, consulta, uso o acceso no autorizado o fraudulento.<\/p>\n\n\n\n<p>7.3. Realizar oportunamente la actualizaci\u00f3n, rectificaci\u00f3n o supresi\u00f3n de los datos en los t\u00e9rminos de ley.<\/p>\n\n\n\n<p>7.4. Registrar en la base de datos la leyenda \u201creclamo en tr\u00e1mite\u201d en la forma en que se regula en la ley;<\/p>\n\n\n\n<p>7.5. Insertar en la base de datos la leyenda \u201cinformaci\u00f3n en discusi\u00f3n judicial\u201d una vez notificado por parte de la autoridad competente sobre procesos judiciales relacionados con la calidad del dato personal.<\/p>\n\n\n\n<p>7.6. Abstenerse de circular informaci\u00f3n que est\u00e9 siendo controvertida por el Titular y cuyo bloqueo haya sido ordenado por la Superintendencia de Industria y Comercio.<\/p>\n\n\n\n<p>7.7. Informar a la Superintendencia de Industria y Comercio cuando se presenten violaciones a los c\u00f3digos de seguridad y existan riesgos en la administraci\u00f3n de la informaci\u00f3n de los Titulares.<\/p>\n\n\n\n<p>7.8. Cumplir las instrucciones y requerimientos que imparta la Superintendencia de Industria y Comercio.<\/p>\n\n\n\n<h2 class=\"wp-block-heading\">Vigencia<\/h2>\n\n\n\n<p>El presente documento tiene vigencia a partir del d\u00eda 1 de octubre de 2024.<\/p>\n","protected":false},"excerpt":{"rendered":"<p>GREEN CONSULTING S.A.S. NIT 901.810.689-8 Este documento tiene como objeto informar a Las personas jur\u00eddicas y\/o naturales que hayan facilitado [&hellip;]<\/p>\n","protected":false},"author":1,"featured_media":0,"parent":0,"menu_order":0,"comment_status":"closed","ping_status":"open","template":"","meta":{"_uag_custom_page_level_css":"","site-sidebar-layout":"default","site-content-layout":"","ast-site-content-layout":"","site-content-style":"default","site-sidebar-style":"default","ast-global-header-display":"","ast-banner-title-visibility":"","ast-main-header-display":"","ast-hfb-above-header-display":"","ast-hfb-below-header-display":"","ast-hfb-mobile-header-display":"","site-post-title":"","ast-breadcrumbs-content":"","ast-featured-img":"","footer-sml-layout":"","theme-transparent-header-meta":"","adv-header-id-meta":"","stick-header-meta":"","header-above-stick-meta":"","header-main-stick-meta":"","header-below-stick-meta":"","astra-migrate-meta-layouts":"default","ast-page-background-enabled":"default","ast-page-background-meta":{"desktop":{"background-color":"var(--ast-global-color-4)","background-image":"","background-repeat":"repeat","background-position":"center center","background-size":"auto","background-attachment":"scroll","background-type":"","background-media":"","overlay-type":"","overlay-color":"","overlay-gradient":""},"tablet":{"background-color":"","background-image":"","background-repeat":"repeat","background-position":"center center","background-size":"auto","background-attachment":"scroll","background-type":"","background-media":"","overlay-type":"","overlay-color":"","overlay-gradient":""},"mobile":{"background-color":"","background-image":"","background-repeat":"repeat","background-position":"center center","background-size":"auto","background-attachment":"scroll","background-type":"","background-media":"","overlay-type":"","overlay-color":"","overlay-gradient":""}},"ast-content-background-meta":{"desktop":{"background-color":"var(--ast-global-color-5)","background-image":"","background-repeat":"repeat","background-position":"center center","background-size":"auto","background-attachment":"scroll","background-type":"","background-media":"","overlay-type":"","overlay-color":"","overlay-gradient":""},"tablet":{"background-color":"var(--ast-global-color-5)","background-image":"","background-repeat":"repeat","background-position":"center center","background-size":"auto","background-attachment":"scroll","background-type":"","background-media":"","overlay-type":"","overlay-color":"","overlay-gradient":""},"mobile":{"background-color":"var(--ast-global-color-5)","background-image":"","background-repeat":"repeat","background-position":"center center","background-size":"auto","background-attachment":"scroll","background-type":"","background-media":"","overlay-type":"","overlay-color":"","overlay-gradient":""}},"footnotes":""},"class_list":["post-3","page","type-page","status-publish","hentry"],"uagb_featured_image_src":{"full":false,"thumbnail":false,"medium":false,"medium_large":false,"large":false,"1536x1536":false,"2048x2048":false},"uagb_author_info":{"display_name":"incentivosverdes.com","author_link":"https:\/\/incentivosverdes.com\/author\/incentivosverdes-com\/"},"uagb_comment_info":0,"uagb_excerpt":"GREEN CONSULTING S.A.S. NIT 901.810.689-8 Este documento tiene como objeto informar a Las personas jur\u00eddicas y\/o naturales que hayan facilitado [&hellip;]","_links":{"self":[{"href":"https:\/\/incentivosverdes.com\/index.php\/wp-json\/wp\/v2\/pages\/3","targetHints":{"allow":["GET"]}}],"collection":[{"href":"https:\/\/incentivosverdes.com\/index.php\/wp-json\/wp\/v2\/pages"}],"about":[{"href":"https:\/\/incentivosverdes.com\/index.php\/wp-json\/wp\/v2\/types\/page"}],"author":[{"embeddable":true,"href":"https:\/\/incentivosverdes.com\/index.php\/wp-json\/wp\/v2\/users\/1"}],"replies":[{"embeddable":true,"href":"https:\/\/incentivosverdes.com\/index.php\/wp-json\/wp\/v2\/comments?post=3"}],"version-history":[{"count":5,"href":"https:\/\/incentivosverdes.com\/index.php\/wp-json\/wp\/v2\/pages\/3\/revisions"}],"predecessor-version":[{"id":947,"href":"https:\/\/incentivosverdes.com\/index.php\/wp-json\/wp\/v2\/pages\/3\/revisions\/947"}],"wp:attachment":[{"href":"https:\/\/incentivosverdes.com\/index.php\/wp-json\/wp\/v2\/media?parent=3"}],"curies":[{"name":"wp","href":"https:\/\/api.w.org\/{rel}","templated":true}]}}